 when 997 is divided by 333.
331
What is the remainder when 573 is divided by 395?
178
What is the remainder when 136 is divided by 12?
4
Calculate the remainder when 139 is divided by 22.
7
Calculate the remainder when 63 is divided by 22.
19
What is the remainder when 2484 is divided by 50?
34
Calculate the remainder when 584 is divided by 65.
64
What is the remainder when 1161 is divided by 283?
29
What is the remainder when 166 is divided by 91?
75
Calculate the remainder when 275 is divided by 46.
45
What is the remainder when 148 is divided by 19?
15
Calculate the remainder when 130 is divided by 25.
5
What is the remainder when 1382 is divided by 73?
68
Calculate the remainder when 86 is divided by 13.
8
Calculate the remainder when 349 is divided by 39.
37
What is the remainder when 593 is divided by 79?
40
What is the remainder when 3569 is divided by 105?
104
What is the remainder when 1201 is divided by 67?
62
Calculate the remainder when 79 is divided by 8.
7
What is the remainder when 213 is divided by 28?
17
What is the remainder when 80 is divided by 24?
8
Calculate the remainder when 147 is divided by 34.
11
What is the remainder when 1628 is divided by 14?
4
What is the remainder when 6922 is divided by 161?
160
What is the remainder when 948 is divided by 66?
24
Calculate the remainder when 567 is divided by 279.
9
What is the remainder when 214 is divided by 44?
38
Calculate the remainder when 276 is divided by 93.
90
Calculate the remainder when 411 is divided by 53.
40
Calculate the remainder when 3274 is divided by 63.
61
Calculate the remainder when 663 is divided by 172.
147
What is the remainder when 15 is divided by 8?
7
Calculate the remainder when 420 is divided by 200.
20
Calculate the remainder when 452 is divided by 254.
198
Calculate the remainder when 18654 is divided by 91.
90
Calculate the remainder when 62 is divided by 32.
30
Calculate the remainder when 442 is divided by 24.
10
Calculate the remainder when 1210 is divided by 63.
13
What is the remainder when 75 is divided by 19?
18
Calculate the remainder when 72 is divided by 32.
8
What is the remainder when 245 is divided by 80?
5
Calculate the remainder when 140 is divided by 77.
63
What is the remainder when 140 is divided by 18?
14
What is the remainder when 1622 is divided by 273?
257
Calculate the remainder when 318 is divided by 46.
42
Calculate the remainder when 624 is divided by 21.
15
Calculate the remainder when 95 is divided by 20.
15
Calculate the remainder when 786 is divided by 194.
10
Calculate the remainder when 52 is divided by 9.
7
Calculate the remainder when 279 is divided by 142.
137
What is the remainder when 60 is divided by 21?
18
Calculate the remainder when 411 is divided by 58.
5
What is the remainder when 3011 is divided by 335?
331
Calculate the remainder when 3927 is divided by 7.
0
What is the remainder when 1671 is divided by 124?
59
What is the remainder when 5863 is divided by 69?
67
What is the remainder when 102 is divided by 43?
16
What is the remainder when 226 is divided by 38?
36
What is the remainder when 23 is divided by 15?
8
Calculate the remainder when 8182 is divided by 7.
6
What is the remainder when 183 is divided by 49?
36
What is the remainder when 3894 is divided by 71?
60
Calculate the remainder when 44 is divided by 15.
14
Calculate the remainder when 595 is divided by 23.
20
Calculate the remainder when 491 is divided by 62.
57
What is the remainder when 57 is divided by 6?
3
What is the remainder when 1779 is divided by 9?
6
What is the remainder when 58 is divided by 50?
8
What is the remainder when 1783 is divided by 47?
44
What is the remainder when 493 is divided by 167?
159
Calculate the remainder when 4773 is divided by 297.
21
What is the remainder when 14287 is divided by 188?
187
Calculate the remainder when 48 is divided by 17.
14
Calculate the remainder when 293 is divided by 7.
6
Calculate the remainder when 613 is divided by 119.
18
What is the remainder when 250 is divided by 21?
19
Calculate the remainder when 295 is divided by 177.
118
What is the remainder when 99 is divided by 32?
3
Calculate the remainder when 76 is divided by 33.
10
What is the remainder when 1573 is divided by 45?
43
Calculate the remainder when 862 is divided by 391.
80
Calculate the remainder when 27 is divided by 10.
7
Calculate the remainder when 4058 is divided by 110.
98
Calculate the remainder when 653 is divided by 39.
29
Calculate the remainder when 146 is divided by 59.
28
Calculate the remainder when 64 is divided by 18.
10
Calculate the remainder when 4587 is divided by 30.
27
What is the remainder when 7997 is divided by 94?
7
Calculate the remainder when 628 is divided by 30.
28
Calculate the remainder when 38 is divided by 35.
3
Calculate the remainder when 378 is divided by 129.
120
What is the remainder when 106 is divided by 79?
27
Calculate the remainder when 1300 is divided by 19.
8
Calculate the remainder when 1891 is divided by 86.
85
What is the remainder when 54 is divided by 7?
5
Calculate the remainder when 4838 is divided by 88.
86
Calculate the remainder when 64 is divided by 35.
29
What is the remainder when 458 is divided by 77?
73
Calculate the remainder when 295 is divided by 13.
9
Calculate the remainder when 96 is divided by 13.
5
Calculate the remainder when 112 is divided by 48.
16
Calculate the remainder when 37 is divided by 5.
2
What is the remainder when 77 is divided by 73?
4
What is the remainder when 337 is divided by 337?
0
What is the remainder when 74 is divided by 22?
8
Calculate the remainder when 1050 is divided by 22.
16
Calculate the remainder when 20820 is divided by 359.
357
What is the remainder when 706 is divided by 144?
130
Calculate the remainder when 7702 is divided by 8.
6
Calculate the remainder when 50 is divided by 19.
12
What is the remainder when 2138 is divided by 533?
6
Calculate the remainder when 1185 is divided by 14.
9
What is the remainder when 317 is divided by 160?
157
Calculate the remainder when 129 is divided by 46.
37
What is the remainder when 12132 is divided by 164?
160
Calculate the remainder when 248 is divided by 92.
64
What is the remainder when 343 is divided by 197?
146
Calculate the remainder when 501 is divided by 187.
127
Calculate the remainder when 575 is divided by 10.
5
Calculate the remainder when 3761 is divided by 19.
18
Calculate the remainder when 174 is divided by 37.
26
What is the remainder when 310 is divided by 52?
50
What is the remainder when 2979 is divided by 78?
15
Calculate the remainder when 183 is divided by 17.
13
What is the remainder when 1557 is divided by 482?
111
Calculate the remainder when 1120 is divided by 538.
44
Calculate the remainder when 16 is divided by 9.
7
Calculate the remainder when 1106 is divided by 123.
122
What is the remainder when 94 is divided by 12?
10
Calculate the remainder when 432 is divided by 134.
30
What is the remainder when 339 is divided by 116?
107
What is the remainder when 58 is divided by 29?
0
Calculate the remainder when 142 is divided by 74.
68
What is the remainder when 749 is divided by 67?
12
What is the remainder when 1341 is divided by 326?
37
Calculate the remainder when 146 is divided by 33.
14
Calculate the remainder when 3143 is divided by 8.
7
Calculate the remainder when 6035 is divided by 134.
5
What is the remainder when 51 is divided by 17?
0
What is the remainder when 33 is divided by 33?
0
Calculate the remainder when 775 is divided by 26.
21
Calculate the remainder when 254 is divided by 17.
16
What is the remainder when 2662 is divided by 43?
39
What is the remainder when 81744 is divided by 293?
290
Calculate the remainder when 20 is divided by 12.
8
What is the remainder when 618 is divided by 52?
46
What is the remainder when 232 is divided by 31?
15
What is the remainder when 163 is divided by 25?
13
Calculate the remainder when 50 is divided by 18.
14
Calculate the remainder when 102 is divided by 48.
6
What is the remainder when 320 is divided by 75?
20
What is the remainder when 959 is divided by 4?
3
What is the remainder when 1328 is divided by 10?
8
What is the remainder when 1155 is divided by 143?
11
What is the remainder w